{"id":10,"date":"2014-07-04T11:43:06","date_gmt":"2014-07-04T11:43:06","guid":{"rendered":"http:\/\/atelierdasformas.com\/?page_id=10"},"modified":"2017-10-03T17:07:43","modified_gmt":"2017-10-03T17:07:43","slug":"portfolio","status":"publish","type":"page","link":"http:\/\/atelierdasformas.com\/?page_id=10","title":{"rendered":"Portfolio"},"content":{"rendered":"<section id=\"builder-section-1404474148678\" class=\"builder-section builder-section-first builder-section-gallery builder-section-last builder-gallery-columns-4 builder-gallery-captions-reveal builder-gallery-captions-light builder-gallery-aspect-none\" style=\"\">\n<div class=\"builder-section-content\">\n<div class=\"builder-gallery-item\" onclick=\"window.location.href = 'http:\/\/atelierdasformas.com\/?page_id=25';\">\n<figure class=\"builder-gallery-image\" style=\"background-image: url(&#039;http:\/\/atelierdasformas.com\/wp-content\/uploads\/2014\/07\/base-6.jpg&#039;);padding-bottom: 66.666666666667%;\"><\/figure>\n<div class=\"builder-gallery-content\">\n<h4 class=\"builder-gallery-title\">\n\t\t\t\t\tAfife\t\t\t\t<\/h4>\n<div class=\"builder-gallery-description\">\n<p>Casa de F\u00e9rias . 2006<\/p>\n<\/p><\/div>\n<\/p><\/div>\n<\/p><\/div>\n<div class=\"builder-gallery-item last-2\" onclick=\"window.location.href = 'http:\/\/atelierdasformas.com\/?page_id=27';\">\n<figure class=\"builder-gallery-image\" style=\"background-image: url(&#039;http:\/\/atelierdasformas.com\/wp-content\/uploads\/2014\/07\/base-1.jpg&#039;);padding-bottom: 66.666666666667%;\"><\/figure>\n<div class=\"builder-gallery-content\">\n<h4 class=\"builder-gallery-title\">\n\t\t\t\t\tMoledo\t\t\t\t<\/h4>\n<div class=\"builder-gallery-description\">\n<p>Casa de F\u00e9rias . 2012<\/p>\n<\/p><\/div>\n<\/p><\/div>\n<\/p><\/div>\n<div class=\"builder-gallery-item\" onclick=\"window.location.href = 'http:\/\/atelierdasformas.com\/?page_id=29';\">\n<figure class=\"builder-gallery-image\" style=\"background-image: url(&#039;http:\/\/atelierdasformas.com\/wp-content\/uploads\/2014\/07\/base.jpg&#039;);padding-bottom: 66.666666666667%;\"><\/figure>\n<div class=\"builder-gallery-content\">\n<h4 class=\"builder-gallery-title\">\n\t\t\t\t\tAlferes Malheiro\t\t\t\t<\/h4>\n<div class=\"builder-gallery-description\">\n<p>Pr\u00e9dio de Habita\u00e7\u00e3o e Com\u00e9rcio.  Porto. 2013 <\/p>\n<\/p><\/div>\n<\/p><\/div>\n<\/p><\/div>\n<div class=\"builder-gallery-item last-4 last-2\" onclick=\"window.location.href = 'http:\/\/atelierdasformas.com\/?page_id=31';\">\n<figure class=\"builder-gallery-image\" style=\"background-image: url(&#039;http:\/\/atelierdasformas.com\/wp-content\/uploads\/2014\/07\/base-3.jpg&#039;);padding-bottom: 66.666666666667%;\"><\/figure>\n<div class=\"builder-gallery-content\">\n<h4 class=\"builder-gallery-title\">\n\t\t\t\t\tMiragaia\t\t\t\t<\/h4>\n<div class=\"builder-gallery-description\">\n<p>Reabilita\u00e7\u00e3o de Pr\u00e9dio de Habita\u00e7\u00e3o. Porto. 2013 <\/p>\n<\/p><\/div>\n<\/p><\/div>\n<\/p><\/div>\n<div class=\"builder-gallery-item\" onclick=\"window.location.href = 'http:\/\/atelierdasformas.com\/?page_id=33';\">\n<figure class=\"builder-gallery-image\" style=\"background-image: url(&#039;http:\/\/atelierdasformas.com\/wp-content\/uploads\/2014\/07\/base-8.jpg&#039;);padding-bottom: 66.666666666667%;\"><\/figure>\n<div class=\"builder-gallery-content\">\n<h4 class=\"builder-gallery-title\">\n\t\t\t\t\tFirmeza\t\t\t\t<\/h4>\n<div class=\"builder-gallery-description\">\n<p>Reabilita\u00e7\u00e3o de Pr\u00e9dio. Porto. 2011. IHRU 2012<\/p>\n<\/p><\/div>\n<\/p><\/div>\n<\/p><\/div>\n<div class=\"builder-gallery-item last-2\" onclick=\"window.location.href = 'http:\/\/atelierdasformas.com\/?page_id=37';\">\n<figure class=\"builder-gallery-image\" style=\"background-image: url(&#039;http:\/\/atelierdasformas.com\/wp-content\/uploads\/2014\/07\/base-21.jpg&#039;);padding-bottom: 66.666666666667%;\"><\/figure>\n<div class=\"builder-gallery-content\">\n<h4 class=\"builder-gallery-title\">\n\t\t\t\t\tMandim\t\t\t\t<\/h4>\n<div class=\"builder-gallery-description\">\n<p>Casa na Maia . 2009<\/p>\n<\/p><\/div>\n<\/p><\/div>\n<\/p><\/div>\n<div class=\"builder-gallery-item\" onclick=\"window.location.href = 'http:\/\/atelierdasformas.com\/?page_id=39';\">\n<figure class=\"builder-gallery-image\" style=\"background-image: url(&#039;http:\/\/atelierdasformas.com\/wp-content\/uploads\/2014\/07\/base-5.jpg&#039;);padding-bottom: 66.666666666667%;\"><\/figure>\n<div class=\"builder-gallery-content\">\n<h4 class=\"builder-gallery-title\">\n\t\t\t\t\tWit Software\t\t\t\t<\/h4>\n<div class=\"builder-gallery-description\">\n<p>Concurso para a sede. Coimbra. 2008 <\/p>\n<\/p><\/div>\n<\/p><\/div>\n<\/p><\/div>\n<div class=\"builder-gallery-item last-4 last-2\" onclick=\"window.location.href = 'http:\/\/atelierdasformas.com\/?page_id=41';\">\n<figure class=\"builder-gallery-image\" style=\"background-image: url(&#039;http:\/\/atelierdasformas.com\/wp-content\/uploads\/2014\/07\/base-4.jpg&#039;);padding-bottom: 66.666666666667%;\"><\/figure>\n<div class=\"builder-gallery-content\">\n<h4 class=\"builder-gallery-title\">\n\t\t\t\t\tQuiosque\t\t\t\t<\/h4>\n<div class=\"builder-gallery-description\">\n<p>Esta\u00e7\u00e3o de metro da Trindade . Porto. 2011<\/p>\n<\/p><\/div>\n<\/p><\/div>\n<\/p><\/div>\n<div class=\"builder-gallery-item\" onclick=\"window.location.href = 'http:\/\/atelierdasformas.com\/?page_id=43';\">\n<figure class=\"builder-gallery-image\" style=\"background-image: url(&#039;http:\/\/atelierdasformas.com\/wp-content\/uploads\/2014\/07\/base-7.jpg&#039;);padding-bottom: 66.666666666667%;\"><\/figure>\n<div class=\"builder-gallery-content\">\n<h4 class=\"builder-gallery-title\">\n\t\t\t\t\tCadDecor\t\t\t\t<\/h4>\n<div class=\"builder-gallery-description\">\n<p>\u00c1trio da Exposi\u00e7\u00e3o. Porto. 2007<\/p>\n<\/p><\/div>\n<\/p><\/div>\n<\/p><\/div>\n<div class=\"builder-gallery-item last-2\" onclick=\"window.location.href = 'http:\/\/atelierdasformas.com\/?page_id=35';\">\n<figure class=\"builder-gallery-image\" style=\"background-image: url(&#039;http:\/\/atelierdasformas.com\/wp-content\/uploads\/2014\/07\/image10-1024x682.jpg&#039;);padding-bottom: 66.6015625%;\"><\/figure>\n<div class=\"builder-gallery-content\">\n<h4 class=\"builder-gallery-title\">\n\t\t\t\t\tPortus Bar\t\t\t\t<\/h4>\n<div class=\"builder-gallery-description\">\n<p>Interior do Portus Bar. Porto. 2014<\/p>\n<\/p><\/div>\n<\/p><\/div>\n<\/p><\/div>\n<div class=\"builder-gallery-item\" onclick=\"window.location.href = 'http:\/\/atelierdasformas.com\/?page_id=580';\">\n<figure class=\"builder-gallery-image\" style=\"background-image: url(&#039;http:\/\/atelierdasformas.com\/wp-content\/uploads\/2017\/09\/eiffel@mbegasse-7-1024x682.jpg&#039;);padding-bottom: 66.6015625%;\"><\/figure>\n<div class=\"builder-gallery-content\">\n<h4 class=\"builder-gallery-title\">\n\t\t\t\t\tEiffel\t\t\t\t<\/h4>\n<div class=\"builder-gallery-description\">\n<p>Reabilita\u00e7\u00e3o de Pr\u00e9dio de Habita\u00e7\u00e3o. Porto. 2016<\/p>\n<\/p><\/div>\n<\/p><\/div>\n<\/p><\/div>\n<div class=\"builder-gallery-item last-4 last-2\" onclick=\"window.location.href = 'http:\/\/atelierdasformas.com\/?page_id=585';\">\n<figure class=\"builder-gallery-image\" style=\"background-image: url(&#039;http:\/\/atelierdasformas.com\/wp-content\/uploads\/2017\/09\/3422\u00a9mariabegasse-1024x682.jpg&#039;);padding-bottom: 66.6015625%;\"><\/figure>\n<div class=\"builder-gallery-content\">\n<h4 class=\"builder-gallery-title\">\n\t\t\t\t\tParnaso\t\t\t\t<\/h4>\n<div class=\"builder-gallery-description\">\n<p>Reabilita\u00e7\u00e3o de T1. Porto. 2016 <\/p>\n<\/p><\/div>\n<\/p><\/div>\n<\/p><\/div>\n<div class=\"builder-gallery-item\" onclick=\"window.location.href = 'http:\/\/atelierdasformas.com\/?page_id=588';\">\n<figure class=\"builder-gallery-image\" style=\"background-image: url(&#039;http:\/\/atelierdasformas.com\/wp-content\/uploads\/2017\/09\/mariabegasse-IMG_8566_web-1024x682.jpg&#039;);padding-bottom: 66.6015625%;\"><\/figure>\n<div class=\"builder-gallery-content\">\n<h4 class=\"builder-gallery-title\">\n\t\t\t\t\tSousa Viterbo\t\t\t\t<\/h4>\n<div class=\"builder-gallery-description\">\n<p>Reabilita\u00e7\u00e3o de Pr\u00e9dio de Habita\u00e7\u00e3o. Porto. 2016  <\/p>\n<\/p><\/div>\n<\/p><\/div>\n<\/p><\/div>\n<\/p><\/div>\n<\/section>\n","protected":false},"excerpt":{"rendered":"<p>Afife Casa de F\u00e9rias . 2006 Moledo Casa de F\u00e9rias . 2012 Alferes Malheiro Pr\u00e9dio de Habita\u00e7\u00e3o e Com\u00e9rcio. Porto. 2013 Miragaia Reabilita\u00e7\u00e3o de Pr\u00e9dio de Habita\u00e7\u00e3o. Porto. 2013 Firmeza Reabilita\u00e7\u00e3o de Pr\u00e9dio. Porto. 2011. IHRU 2012 Mandim Casa na Maia . 2009 Wit Software Concurso para a sede. Coimbra. 2008 Quiosque Esta\u00e7\u00e3o de metro [&hellip;]<\/p>\n","protected":false},"author":1,"featured_media":0,"parent":0,"menu_order":3,"comment_status":"closed","ping_status":"closed","template":"template-builder.php","meta":{"footnotes":""},"class_list":["post-10","page","type-page","status-publish","hentry"],"_links":{"self":[{"href":"http:\/\/atelierdasformas.com\/index.php?rest_route=\/wp\/v2\/pages\/10","targetHints":{"allow":["GET"]}}],"collection":[{"href":"http:\/\/atelierdasformas.com\/index.php?rest_route=\/wp\/v2\/pages"}],"about":[{"href":"http:\/\/atelierdasformas.com\/index.php?rest_route=\/wp\/v2\/types\/page"}],"author":[{"embeddable":true,"href":"http:\/\/atelierdasformas.com\/index.php?rest_route=\/wp\/v2\/users\/1"}],"replies":[{"embeddable":true,"href":"http:\/\/atelierdasformas.com\/index.php?rest_route=%2Fwp%2Fv2%2Fcomments&post=10"}],"version-history":[{"count":43,"href":"http:\/\/atelierdasformas.com\/index.php?rest_route=\/wp\/v2\/pages\/10\/revisions"}],"predecessor-version":[{"id":652,"href":"http:\/\/atelierdasformas.com\/index.php?rest_route=\/wp\/v2\/pages\/10\/revisions\/652"}],"wp:attachment":[{"href":"http:\/\/atelierdasformas.com\/index.php?rest_route=%2Fwp%2Fv2%2Fmedia&parent=10"}],"curies":[{"name":"wp","href":"https:\/\/api.w.org\/{rel}","templated":true}]}}